 (8 + -18) - 7.
0
What is the value of -16 + 8 + 3 - -3?
-2
Evaluate -5 - -7 - 5 - 3.
-6
What is the value of -2 - (2 + 2 + -3)?
-3
-2 - -1 - (3 + (6 - 7))
-3
What is the value of (-4 - 0) + -2 + 9?
3
1 + -1 - (4 + (-4 - -1))
-1
Evaluate -1 - 0 - (12 - 16).
3
What is (1 - (0 - 3)) + 1?
5
What is the value of -13 - -7 - -6 - (0 - -4)?
-4
(-6 - -5) + -5 + 0
-6
What is (10 - 25) + 3 - -11?
-1
-1 + -3 + (-8 - -4)
-8
2 + 3 + (0 - (-2 - -5))
2
Calculate -2 + 4 + (0 - 4) - -4.
2
18 + -14 + (-5 + 3 - -3)
5
Calculate -3 + -18 + 15 + (1 - -1).
-4
(8 - 2 - 3 - -5) + -4
4
What is the value of -4 + 0 + 3 + -1?
-2
(-13 - -16) + (-2 + 1 - -1)
3
Evaluate 0 - ((-7 - -2) + 3).
2
Calculate -1 - (-2 + 2) - 0.
-1
Calculate 12 + -10 + (2 - (-2 - -1)).
5
Calculate 1 - ((3 - 5) + 1).
2
Calculate 9 - (9 + 15 + -11).
-4
What is the value of -1 + -1 + (1 - (-5 + 0))?
4
5 + 3 + -10 + 8
6
What is the value of -4 + (0 - (4 + -4))?
-4
3 + (2 + 2 - 3)
4
42 + -37 - (-1 + 3)
3
Evaluate -1 + (-2 - ((-3 - -4) + 1)).
-5
3 - (1 + 5 + -11 + 5)
3
Evaluate -3 + 1 + 9 + (4 - 10).
1
What is the value of (3 - 0) + 16 + -15 + -2?
2
Calculate (11 - (12 + -2)) + (1 - 3).
-1
Calculate 5 - ((-8 - -5) + 3).
5
Calculate -11 + 22 + -4 + -8.
-1
What is the value of -13 + 11 - (-7 - (-1 - 1))?
3
(-1 - 2 - (9 - 21)) + -6
3
Calculate (6 - (-4 + 9)) + 4.
5
3 - (8 + (-2 - 2)) - -3
2
What is -4 - -1 - (12 - 9)?
-6
Evaluate -2 + 0 + -1 - 1.
-4
Calculate -1 + (6 - 0) - (111 - 107).
1
-2 - -5 - (1 + (-2 - 0))
4
What is the value of (15 - 1) + 0 + (45 - 52)?
7
What is the value of -3 + -6 + -2 - -13?
2
What is the value of (-4 - -8) + (1 - 4)?
1
Calculate -14 + 4 + -1 + 6.
-5
Calculate -4 + (100 - 94) + (0 - 8).
-6
Evaluate -66 + 71 - (1 - -4).
0
What is the value of (-7 - (-6 - -9)) + 8?
-2
Evaluate (7 - 8) + 0 - 2.
-3
What is the value of -1 + -4 - 0 - -9?
4
What is the value of -3 - -4 - 3 - (3 - 7)?
2
-93 + 99 + 1 + 1
8
What is the value of -5 - (1 - 8) - (5 + 2)?
-5
(-5 - -7) + -3 + 2
1
What is the value of 6 - 10 - (1 + 0)?
-5
What is 3 + -5 + -6 - -10?
2
Calculate 2 - (6 + -3 + 5 + -5).
-1
What is the value of 0 + (-4 - 0) + 8?
4
What is 3 + (0 - 0 - 4) + 0?
-1
What is 0 + -7 - (6 + -5 + -8)?
0
What is the value of (2 + -2 - (0 + 1)) + -2?
-3
Calculate 0 + -2 + 4 - (2 + -2).
2
4 + -7 + 3 + -2
-2
-7 - (7 + 1 - 15)
0
What is -1 - (1 + -3) - 5?
-4
What is the value of -6 + 10 + -3 + (2 - -4)?
7
(-10 - (7 - 9)) + 2
-6
What is the value of (1 - 3) + (6 - (5 + -4))?
3
Evaluate -12 - ((-13 - -4) + 3).
-6
(8 - 10) + (-2 - -2)
-2
Evaluate -2 + 6 - 7 - -8.
5
Calculate 5 + 1 - (1 - (-4 + -5)).
-4
What is the value of (-4 + 0 - (-2 - -5)) + 2?
-5
(20 - 13) + -7 + (2 - 1)
1
Calculate 1 - -1 - (-4 + 6 + 2).
-2
What is 5 + -19 + 8 - -8?
2
Calculate 37 + -51 - (2 - 15).
-1
(-5 + 12 - 1) + -4
2
-19 + 3 + 7 + 4
-5
(-12 - -3) + (54 - 53)
-8
1 - 1 - (14 + -16) - -1
3
Evaluate (0 - (-1 - (2 + 2))) + -1.
4
Evaluate -3 + 6 - (12 - 6 - 4).
1
Calculate -7 - ((56 - 62) + 0 + 6).
-7
(-4 - -6) + 6 + 5 + -21
-8
What is 6 - (4 - -6) - -1?
-3
Calculate -11 + 2 + 7 + -3 + 2.
-3
Calculate (0 - (-3 + -1 - -9)) + 7.
2
5 - (8 + -4 - 2)
3
Calculate (-7 - 1) + (2 - -1) + 0.
-5
Evaluate (43 - 38) + (-11 - 0).
-6
Calculate -2 + (5 + 1 + -3 - 1).
0
Evaluate 0 + -9 - (10 - 14).
-5
Calculate (2 - (0 - 2)) + 15 + -17.
2
What is 1 - -2 - (16 + -15)?
2
Calculate (1 + 2 - 1 - 5) + 2.
-1
Calculate (-32 - -35) + 3 + (1 - 1).
6
What is the value of -5 + 0 + (-3 - -5)?
-3
Evaluate (0 - 2) + (-1 - -5) + 2.
4
Evaluate (2 - 3) + 0 - (0 + -5).
4
What is the value of -7 + 1 - (-18 + 8 + -1)?
5
7 - 5 - ((-3 - -1) + 1)
3
Evaluate 52 + -42 + (-4 - 1).
5
Calculate 8 - (4 + (0 - -6) + 1).
-3
Calculate (-5 + 5 - 3) + 5.
2
Evaluate 0 - (-2 - 0) - (-2 + 6).
-2
Evaluate -10 + 1 + (3 - 0) + 2.
-4
Evaluate -28 + 26 - (2 - (2 + 1)).
-1
What is -6 + 0 + 10 + 4 + -5?
3
What is (-1 - -3) + 2 + -9?
-5
What is the value of -4 - ((10 - 7) + (-1 - 0))?
-6
Calculate -53 + 59 - (8 - 1).
-1
What is -10 + 5 + 3 + 5?
3
Calculate -4 + 0 + (-9 - (-2 + -15)).
4
Evaluate -7 + -1 - (-4 - (7 - 13)).
-10
Calculate 3 + 0 + 6 - 6.
3
Calculate 5 + (3 - -9) - 8.
9
Calculate -4 - (-4 + -2 - (5 + -3)).
4
What is 2 + 0 + -1 - (4 + -2)?
-1
Evaluate 16 + -4 + -6 - 1.
5
What is -3 + -1 + 6 - (0 + -1)?
3
Evaluate 1 - 3 - 1 - -3.
0
Calculate -2 - -12 - 3 - 11.
-4
6 + -8 - 2 - 0
-4
What is -8 + -3 + (5 - 1)?
-7
What is the value of -1 - (-5 + 3) - (0 - -5)?
-4
What is (-3 - -1) + 16 - (6 - 0)?
8
What is the value of 33 + -18 - (15 + -2 - 5)?
7
5 - -1 - (10 - 12)
8
Evaluate 0 - (10 - 13 - (1 + -9)).
-5
Evaluate (-3 - (-2 - -1)) + 7.
5
Calculate 0 + (-4 - -3) + -3.
-4
Evaluate -7 + 2 + (-4 - (0 + -4)).
-5
Calculate 2 + 1 + -2 + -1.
0
Evaluate -1 + 11 + -1 + -5.
4
What is -2 - (-4 - (1 - (2 + 0)))?
1
Evaluate 0 - 5 - (3 - (-11 - -18)).
-1
Evaluate (-1 - 4) + -8 + -6 + 13.
-6
Evaluate (-2 - 1) + 7 - -1.
5
Evaluate 4 - (8 - (5 - 4)).
-3
What is -9 + (-4 - 0) + 20?
7
What is the value of -58 + 73 - (6 + -3 + 2)?
10
Calculate 0 - (-4 + 2) - 7.
-5
3 - (6 - -1 - (0 + 3))
-1
7 + -2 + -4 + 1 - 1
1
Calculate -7 + (18 + -8 - 5) + 4.
2
Calculate (6 - 0 - -1) + 64 + -75.
-4
What is the value of -4 + 1 + 1 + 0 + -3?
-5
What is the value of (-3 + 5 - 6) + 10?
6
Calculate (14 - 16) + (1 - 4 - -1).
-4
Calculate 4 + -1 + -2 - -2.
3
(4 - 0 - 6) + 1 + -1
-2
What is 1 + 0 - (-38 + 37)?
2
What is (4 + -1 - 5) + 6?
4
Evaluate 5 + (-14 - 1 - (-38 - -34)).
-6
Calculate -13 - (4 + -4 + -9).
-4
What is (0 - 6) + (-2 - (2 - 11))?
1
Calculate (7 + 7 - 7) + 1.
8
Evaluate -5 + (-1 - (0 - 3) - -3).
0
Calculate 0 - 3 - (-2 - -2 - 5).
2
What is 1 + -4 + 12 + 3 + -7?
5
Calculate 0 - (-1 - 3 - (-1 - 2)).
1
Calculate (-3 - 0) + (3 - 4 - -2).
-2
What is the value of -1 + -8 - (55 + -58)?
-6
What is 6 - (-4 + (7 - 4 - -1))?
6
Calculate -3 + 7 + 3 + -7.
0
What is 4 - 1 - (18 - 10)?
-5
What is -3 + 10 + (-10 + -1 - -8)?
4
Calculate 10 + -12 - (1 - (-2 - 0)).
-5
What is the value of (11 - (-5 + 12)) + 1?
5
What is (11 - (3 + -2)) + -6?
4
What is (0 - 0 - -1) + (-22 - -20)?
-1
-6 + 4 + (-3 - 1) + 5
-1
What is the value of 0 + 0 - 1 - (191 - 187)?
-5
Calculate 74 - 79 - (-1 + -1).
-3
What is -2 - -9 - (-11 + 6 - -9)?
3
What is the value of -1 + 3 - (-69 + 72)?
-1
Evaluate (1 - (5 + -4)) + 1 + 2.
3
What is the value of (2 - 5) + -15 + 19?
1
What is -7 - (-5 + (9 - 3))?
-8
What is the value of -2 + -3 + 10 - (5 - 1)?
1
Calculate 0 + -4 + (-11 - -12) - 0.
-3
What is -8 + 16 + 0 + -7 + 7?
8
What is 8 + -8 - (-2 - -2)?
0
What is -4 + (-7 - (2 + -13) - -7)?
7
(4 - (-1 - -6)) + -1 + 4
2
Evaluate (4 - 8) + 5 + 3.
4
Calculate 4 - 2 - (3 + 0) - -5.
4
What is 5 + -6 + -3 - -1?
-3
What is the value of 5 - ((4 - 8) + 10)?
-1
1 + -1 + (-4 + 8 - -1)
5
What is the value of 12 + (4 - 0) + -12?
4
What is the value of -10 + -6 + 7 - -6?
-3
What is (0 - (3 - 1)) + -1 + 4?
1
What is 3 - 2 - (-5 - -1)?
5
What is 70 + -78 - (-13 - -1)?
4
What is the value of 6 - (-2 + (1 + 3 - 5))?
9
Calculate 4 + -4 + (-1 - 1) + 5.
3
Calculate 5 + -2 - (5 + -1 + -2).
1
What is 1 + -3 - (4 + 1 + -12)?
5
Calculate (6 - 8) + 6 - (2 + -4).
6
What is -1 + (0 - -5 - (-1 + 1))?
4
What is the value of (-1 - 3) + 3 - (1 + 0)?
-2
Evaluate (2 - (-3 - -2) - 4) + 2.
1
What is -5 + 15 + -5 + 2?
7
What is 18 + -18 - (0 - 4)?
4
What is (-7 - -3) + (5 - 5)?
-4
What is 3 + 0 - (19 + -3 + -8)?
-5
What is (6 - (8 + 5)) + 3?
-4
What is 1 + -1 + 2 + (-6 - 0)?
-4
Calculate -1 - (4 + 5 - 7).
-3
Evaluate -2 + 3 + (-3 - -1 - -5).
4
5 - -1 - (-31 + 32)
5
Evaluate 51 - 55 - (-2 + 6 + -2).
-6
6 - (6 + (1 - (5 + -7)))
-3
Evaluate 2 + -5 + 0 + -2 + 1.
-4
1 - (-1 + 1 - (-3 - -7))
5
-2 - 13 - -6 - -2
-7
Evaluate (-2 - 2 - -3) + -3 + 2.
-2
-3 + (-4 - -4) - (-1 - 1)
-1
What is the value of -7 - (-7 - (3 + -7))?
-4
Calculate -6 + -1 + -1 + 4 - -5.
1
What is -1 + (5 - (5 + -1))?
0
9 + -7 - (0 - (1 + 0))
3
What is the value of 1 + 2 - (3 - 2)?
2
Evaluate 8 - 7 - -5 - 5.
1
What is the value of 1 - (-1 + 3 - (-2 - 1))?
-4
8 + (-2 - -1) + -2
5
Evaluate -29 + 32 - (-3 - 0).
6
What is the value of -6 + (4 - 2) + 4?
0
What is -3 + (-7 - -7) + 6?
3
What is 2 + (-6 - (-1 - 11)) + -5?
3
Calculate -33 - -24 - (-10 + 0).
1
What is the value of (-2 + -8 - (12 - 20)) + 7?
5
Calculate 5 - 18 - -9 - 0.
-4
What is -6 - (0 + -5 